st common factor of 47 and s.
47
Let o(b) = b**3 + 2*b**2 - 2*b + 3. Let d be o(-3). Suppose d = -9*l + 12*l + 132. Let v = -14 - l. What is the greatest common divisor of v and 10?
10
Suppose 4*c + 0*c = 144. Suppose -70*y + 93*y - 531 - 90 = 0. Calculate the greatest common factor of y and c.
9
Let z = -157 - -353. Let o = z + -131. Calculate the greatest common divisor of o and 13.
13
Suppose 5*y + 3*t = 200, -y - y + 2*t = -64. Suppose z = -z. Suppose -2*c + y + 205 = z. Calculate the greatest common divisor of 11 and c.
11
Let k(s) = s - 2. Let j be k(5). Suppose -2*m = 5*n - 442, -j*n - 2 + 268 = m. Suppose 0 = -21*r + 245 - 35. Calculate the greatest common divisor of r and n.
10
Suppose 2*z = 3*i + 120, i - 5*i + 8 = 0. Let k = -53 + 62. Calculate the greatest common factor of k and z.
9
Let n = 19 + -16. Let l(t) = 0*t**3 + t**3 - 3*t**3 + 0*t**n - 2*t - 1. Let s be l(-1). Calculate the greatest common divisor of s and 2.
1
Let b be 6/14 + 906/42. Let c(u) = 3*u + 77. Let d be c(0). Calculate the greatest common divisor of d and b.
11
Let k(v) = 11*v - 225. Let q be k(25). Calculate the greatest common divisor of q and 900.
50
Let k be 69/(-12) - 2/8. Suppose 3*s + 15 = 0, -2*s + 3*s = 5*y - 40. Let h be 380*y/((-105)/k). What is the greatest common factor of h and 19?
19
Let s(c) = -c + 4. Let z be s(0). Suppose 8 = -2*i + z*i. Let w(v) = v**3 - 2*v**2 - v - 1. Let y be w(i). What is the highest common divisor of 9 and y?
9
Suppose 212 = 7*u - 376. Suppose 45 = 7*j - 2*j. Let s = 21 - j. Calculate the highest common divisor of u and s.
12
Let t(j) = j**2 + 9*j - 6. Let z be t(-7). Let i be (-1 - -1 - z)/2. Calculate the greatest common factor of i and 90.
10
Let c(p) = 20*p - 3. Let n(u) = 18*u - 43*u + 10 - 35*u. Let h(a) = 10*c(a) + 3*n(a). Let k be h(3). Calculate the greatest common divisor of 24 and k.
12
Let o be (-42)/(-231) - 163/(-11). Calculate the highest common divisor of 81 and o.
3
Let n = 12 - 5. Let z = 27 - 28. Let s be (-54)/(-4)*(z - 85/(-15)). What is the greatest common divisor of s and n?
7
Let p(m) = m**3 - 8*m**2 - 9*m - 4. Let h be p(9). Let s(w) = -5*w + 7. Let u be s(h). What is the highest common factor of 216 and u?
27
Let p be ((-26)/39)/((-6)/(-9))*-7. What is the greatest common divisor of 35 and p?
7
Let h(u) = -36*u**2 + 218*u - 8. Let o be h(6). What is the greatest common divisor of o and 156?
4
Let p = -64 - -39. Let x = p - -65. Calculate the highest common factor of 5 and x.
5
Let d(o) = o**3 - 6*o**2 - 2*o - 5. Let v be d(7). Calculate the highest common divisor of 135 and v.
15
Suppose 3*z = -3 + 9. Suppose z + 7 = 3*u. Suppose -3 - 18 = -h. Calculate the greatest common factor of h and u.
3
Let p be (-17)/(-119) - 2181/(-21). Calculate the greatest common factor of p and 39.
13
Let b = 134 + -117. Let q be 2965/25 - (-8)/20. What is the greatest common divisor of b and q?
17
Let o be 2/1*-1*-10. Suppose 2*s - s = o. Suppose -u - 4*i + 18 = 0, -i = -u - 6*i + s. What is the greatest common divisor of 100 and u?
10
Let d(w) = w + 3. Let a be d(0). Suppose 4*h + 5*f = 250, -a*f = -h - 7*f + 68. Let r = -26 + 38. What is the highest common divisor of h and r?
12
Let i be (0 - 3)/(-4 + 3). Suppose -w = -i*w + 4. Let p(a) = 3*a**2 + 3*a - 3. Let t be p(w). Calculate the highest common divisor of 135 and t.
15
Let o(g) = -6*g**2 - 7*g - 12. Let l be o(-4). Let p = -78 - l. What is the greatest common factor of p and 18?
2
Suppose -5*n = -3*y + 80, 3*n = 3*y - 0*y - 90. Calculate the greatest common divisor of y and 20.
5
Let l = 108 - 65. Let c = 58 - l. Calculate the highest common factor of c and 3.
3
Let i = 255 - 181. Suppose -5*m = i - 239. Calculate the greatest common divisor of m and 11.
11
Let w(a) = 4*a**2 + 10*a - 66. Let n be w(5). Calculate the highest common divisor of 105 and n.
21
Suppose 0 = 5*z + 4*j - 32, 0*j + 2*j + 4 = 0. What is the highest common factor of 124 and z?
4
Let g(z) = -z**3 + 16*z**2 - 27*z + 8. Let b be g(13). Suppose -4*i + w = -159, 2*w + 2 = -4*i + b. What is the greatest common divisor of i and 16?
8
Suppose -3*g - 5*n + 5 = -29, -g - 3*n = -14. What is the greatest common divisor of g and 72?
8
Suppose -d + 2 = -0*d. Suppose r - 5 = -d. Let m be 16/6 - 2/(-6). What is the greatest common divisor of m and r?
3
Suppose -t = -3*s - 3*t + 1, 0 = -s + t + 7. Suppose s*b - b - 22 = 0. Suppose 5 = -3*j + b. Calculate the greatest common factor of 10 and j.
2
Suppose -2*o + 9 = w, 0 = o + 5*w - 5 - 13. Suppose o*k = -3*g + 88 - 28, 5 = 2*k - 5*g. Calculate the highest common factor of 15 and k.
15
Suppose 5*t = -2*v - 2*v + 463, 5*v + 5*t = 580. Suppose -12033*h + 12018*h + 135 = 0. What is the greatest common divisor of v and h?
9
Let d be (-462)/(-63) + 7 + 2/(-6). Calculate the greatest common factor of 679 and d.
7
Suppose -34 + 55 = 7*f. Let i(p) be the first derivative of 9*p**2/2 - 3*p + 1. Let c be i(3). Calculate the highest common factor of c and f.
3
Let i(j) = 4 - j + 9 + 5 + 1. Let l be i(7). What is the highest common factor of 36 and l?
12
Suppose 4*b + 2*r + 40 = r, 3*r = 0. Let y be (b/4 - -3) + (-51)/(-6). What is the highest common factor of y and 63?
9
Suppose 33 - 8 = -2*t - 5*j, 4*t + 2*j = -74. Let x be (3 - 56/20)/((-4)/t). Calculate the greatest common divisor of 1 and x.
1
Let w = 772 - 31. Calculate the greatest common factor of w and 19.
19
Let u(d) = -83*d**3 + 0*d + 65*d**2 - 63*d**2 + d. Let w be u(-1). What is the greatest common factor of 21 and w?
21
Let c = -14 - -47. Let o(v) = 6*v - 14. Let n be o(6). What is the greatest common factor of c and n?
11
Let j(y) = -y**3 + 5*y**2 - 5*y + 2. Let a be j(0). What is the highest common divisor of a and 622?
2
Suppose 0*l - 4*l = 4*u - 160, -4*u - l + 148 = 0. What is the greatest common factor of u and 45?
9
Suppose 93*o + 68 = 96*o - p, -37 = -2*o - p. What is the greatest common divisor of o and 399?
21
Let d = 7 - 5. Suppose 3*g - 4*m - 7 + 23 = 0, -3*m = d*g + 5. Let s be 16 + 4/1 + g. Calculate the highest common factor of s and 2.
2
Let k(s) = 169*s + 1. Let r be k(1). What is the highest common divisor of 10 and r?
10
Let l be ((-32)/56)/((-6)/3381). What is the greatest common divisor of l and 14?
14
Let s(f) = -f**2 + 30*f - 26. Let i be s(29). Calculate the highest common factor of 177 and i.
3
Let d be (0/1 + -1)*-35. Suppose 8 + 1 = -3*c, -3*p + 42 = 5*c. Let m = 24 - p. What is the greatest common divisor of d and m?
5
Let x = -355 - -576. Suppose n = -x + 260. Calculate the highest common factor of 13 and n.
13
Let s be (0 - -1)/(7/21). Suppose -5*k = -s*k - 4*n, n - 9 = -k. Suppose -k*l + 11*l = 30. Calculate the greatest common factor of 60 and l.
6
Let l(j) = -5*j**3 - 2*j + 1 - 4 + 3*j - 2*j**2 + 2. Let a be l(-2). Suppose 5*u + 5*v - 720 = 4*v, -10 = 2*v. Calculate the highest common factor of u and a.
29
Suppose 0*y + 7*y - 21 = 0. Suppose h + y = 14. Suppose 2*j + 121 = 3*j. What is the greatest common divisor of j and h?
11
Let k(x) = -x. Let b be k(-4). Suppose b*o = 17 - 5. Suppose 4*l - 88 = o*l. What is the highest common factor of l and 8?
8
Let i be 0 + (-2)/8 + 3459/12. Suppose 3*o = -y + 277, -i - 82 = -4*o - y. Calculate the highest common factor of 31 and o.
31
Let v(n) = 16*n + 3. Let z be v(-2). Let g = z - -85. Suppose 2*a - 8 = -5*m + 68, 3*a + m - 88 = 0. Calculate the greatest common factor of a and g.
28
Suppose 483*d - 478*d - 1065 = 0. What is the highest common factor of 71 and d?
71
Let p(d) = -39*d + 20. Let u be p(0). What is the greatest common divisor of u and 12?
4
Let g = 15 - 10. Suppose 0 = -g*u + 10*u - 100. Let x be (-28)/6*(-210)/49. Calculate the highest common factor of u and x.
20
Suppose 0 = 10*p - 12*p. Suppose -h - 6 - 5 = p. Let a be (3 + h)/((-3)/66). Calculate the highest common factor of a and 16.
16
Let o(k) = 17*k**2 + 8*k - 12. Let p be o(6). Let h be (3/2)/(6 - 3882/p). What is the greatest common divisor of 18 and h?
18
Let y be 6/(-5)*(-3230)/76. Calculate the greatest common divisor of 17 and y.
17
Suppose v - 132 - 142 = -5*j, -j + 70 = 4*v. Let m = 3889 - 3883. Calculate the greatest common divisor of m and j.
6
Suppose -3*o + 0*u + 2204 = 4*u, u + 2907 = 4*o. What is the highest common divisor of o and 416?
104